 = 16 - -25. Let k = j - 20. What is the remainder when k is divided by 8?
5
Suppose -n = 4*n - 20. Suppose -4*s = -1056 + 1040. Calculate the remainder when 1 - -3*n/1 is divided by s.
1
Calculate the remainder when 300 + -97 + 10 + 1 is divided by 99.
16
Let j be 14*(20/8 + -2). Let h(f) = f + 17. Calculate the remainder when h(j) is divided by 10.
4
Suppose -z - 4*w = -103, -3*w + 398 = 3*z + 44. Let p = 73 - 42. Calculate the remainder when z is divided by p.
30
Suppose 0 = -2*v - x - 3*x + 92, 3*v + 2*x - 138 = 0. What is the remainder when v is divided by 6?
4
Calculate the remainder when 3374/12 + 45/(-270) is divided by 105.
71
Suppose 23 = d + 4*h - 28, 2*d - 54 = 4*h. Let z = 80 - d. Suppose 5*l = 5*f + 10 - z, 0 = 2*l. Calculate the remainder when f is divided by 3.
1
Let n(o) = 175*o**2 + 14*o + 15. What is the remainder when n(-1) is divided by 18?
14
Let x be 2/(12/2)*(1 - -8). Calculate the remainder when 8 is divided by (5/(-2))/(x/(-6)).
3
What is the remainder when 2/4 + 157/2 is divided by 19?
3
Suppose 833 = 3*o - 5*n - 322, 0 = -5*o + n + 1903. Suppose 4*q - o = -q. What is the remainder when q is divided by 26?
24
Suppose 69 = 4*r - l, l - 7 = r - 28. What is the remainder when r is divided by 6?
4
Suppose -4*r - 16 + 44 = 0. Suppose -r*b = -6*b. Calculate the remainder when 41 is divided by 3 - (b + 0 + -12).
11
Let y be 3 - 1 - (-3 + (3 - 112)). Suppose 3*g - 2*a = 5*g - y, -3*a = -g + 37. Suppose -2*o + 90 = 3*o. What is the remainder when g is divided by o?
16
Let k = 3983 - 3956. Let h be 0/2 + 0 + 0. Suppose -i - 2*w + 3 = h, 4*w = 4*i - 0*w - 36. What is the remainder when k is divided by i?
6
Suppose -13*l + 25 - 51 = 0. Let n(z) = -5*z**3 - 2*z**2 - 3*z + 1. What is the remainder when 74 is divided by n(l)?
35
Suppose -2*u = -0*u - 4*m - 60, 5*m + 155 = 5*u. Let r = 39 - u. Suppose -g = 4*g - 20. Calculate the remainder when r is divided by g.
3
Let y = -22 - -31. Let p = y + -4. Suppose 5*d - 31 = -5*s + 19, p*s = 5*d. What is the remainder when 17 is divided by d?
2
Suppose -5*t + 2*b = -16 - 14, t - b = 9. Let p(u) = 2*u**2 + 15*u - 41. Let h(o) = -2*o + 14. Let l be h(12). What is the remainder when p(l) is divided by t?
1
Suppose m = -117 + 143. Calculate the remainder when 334 is divided by m.
22
Let r = 65 - 74. What is the remainder when r/2*(-30 + -6)/6 is divided by 10?
7
What is the remainder when 1263/18 - 6/36 is divided by 8?
6
Let r = 20 + 271. Calculate the remainder when 4/18 - (-2 - r/27) is divided by 4.
1
Let l be (-14)/21 + 134/3. Let t = l - 9. Calculate the remainder when t is divided by 13.
9
Suppose 0 = 3*l - 5*d - 168, 3*l = -2*l + 5*d + 280. Let h = l - 42. What is the remainder when 54 is divided by h?
12
Suppose -2*p = 2*h - 514, -2*h + 7*p + 515 = 8*p. What is the remainder when h is divided by 65?
63
Let l(d) = 4*d + 162. What is the remainder when l(-20) is divided by 21?
19
Let j = -187 - -338. Calculate the remainder when j is divided by 12.
7
Let s be 3 + -5 + (-1 - 1) - -163. Let r = -133 + s. Calculate the remainder when 232 is divided by r.
24
Suppose -2*m + 15 = j, 2*m + 3*j - j = 10. What is the remainder when 38 is divided by m?
8
Suppose -8*p = -10*p + 168. Let s = 144 + -100. Calculate the remainder when p is divided by s.
40
Let z = 120 - 76. What is the remainder when 129 is divided by z?
41
Suppose -3 + 48 = 3*x - 4*f, 98 = 5*x + f. Let z(u) = 2*u**2 + 6*u + 5. Let v be (-81)/18*2/3. What is the remainder when x is divided by z(v)?
4
Suppose 0*d = 4*d - 136. Suppose -d = -0*a - a. Let v(x) = 104*x + 740. Calculate the remainder when a is divided by v(-7).
10
Let x = 8 + 2. Calculate the remainder when ((-2)/(-6))/(668/222 + -3) is divided by x.
7
Suppose 10*c - 9*c - 22 = 4*x, -x - 44 = -3*c. What is the remainder when 104 is divided by c?
6
Suppose -241 = 12*z - 541. Let t = -131 - -202. What is the remainder when t is divided by z?
21
Suppose -6*w = -67 - 11. What is the remainder when 77 is divided by w?
12
Let o(w) = 4*w - 5. Let b = 78 + -25. Let j = b - 16. Calculate the remainder when j is divided by o(6).
18
Let m be 10/15 + 123/(-9). Let h = m - -25. Let b = h - 0. What is the remainder when 45 is divided by b?
9
Suppose 0 = 4*f - t - t - 4, f + 2*t = -4. Suppose 4*z + f*h - 45 = 3*h, -3*z - h + 50 = 0. Calculate the remainder when -4 + (0 - 76/(-1)) is divided by z.
12
What is the remainder when 4/3 - (-2 + (-1264)/6) is divided by 43?
42
Let q(j) = -j - 11. Let k be q(-13). Suppose k*f = 3*f + 1. What is the remainder when (-75)/(-20)*(f - -5) is divided by 4?
3
Let l(n) = n**3 - 4*n**2 + 5*n + 4. Let m(g) = -g**2 + 16*g - 3. Calculate the remainder when m(12) is divided by l(4).
21
Let a = 654 - 397. Calculate the remainder when a is divided by 53.
45
Suppose 3*n - 38 = -5*j, -2*j - 53 = 2*n - 7*n. Let t = n - -8. What is the remainder when 75 is divided by t?
18
Let t = -493 - -499. What is the remainder when 6 is divided by t?
0
Let d = 66 + -114. Let w = d + 134. Calculate the remainder when w is divided by (-1 - -4)/(9/66).
20
What is the remainder when 28/(-182) - (-4 + (-1371)/39) is divided by (30/(-24))/(2/(-32))?
19
Suppose -3*j = -t - 29, 2*j - 5*t - 25 = -j. Let g(q) = q**3 - 25*q**2 + 3*q - 57. What is the remainder when g(25) is divided by j?
8
Let p be ((-2)/(-5))/((-5)/(-50)). Suppose 5*i = 2*u + 406, -p*i + 7*u - 2*u = -335. Let v = i - 33. Calculate the remainder when v is divided by 12.
11
Let i = -1 - -5. Suppose 5*b - c + 0*c = 57, 3*b = i*c + 24. What is the remainder when 71 is divided by b?
11
Let k(d) = d**2 - d. Let p(s) = s**3 + 7*s**2 - 4*s - 19. Let y(l) = k(l) + p(l). Calculate the remainder when 53 is divided by y(-8).
11
Let h = 35 + -31. Suppose -4*c + 9*c = -210. Calculate the remainder when 49 is divided by c/28 + 74/h.
15
Suppose -3*y + 3*h + 0*h = -69, 107 = 5*y - 3*h. What is the remainder when 10/(-15)*((-442)/4 - 2) is divided by y?
18
Let i = 2637 + -2448. What is the remainder when 400 is divided by i?
22
Suppose 2*p - 3*p - h + 30 = 0, -2*p = -4*h - 30. What is the remainder when 105 is divided by p?
5
Let l(k) = -3 - 7 - 5 + 13 + 2*k. Calculate the remainder when l(20) is divided by 20.
18
Suppose -3*u + 7*u = 2*g + 26, -5*u + 25 = -g. Suppose -4*h - a = -251, h + 2*a = u*a + 65. What is the remainder when h is divided by 32?
31
Let m(p) = 22*p**2 - 11*p - 24. Calculate the remainder when m(-6) is divided by 19.
17
Suppose 5*n = 4*o - 12, -5*o + 3*n = -6*o + 20. Suppose 4*v - o*v = -28. What is the remainder when 34 is divided by v?
6
Suppose s = -b - 10, 2*b - 5*s = -0*b + 8. What is the remainder when 65 is divided by b/27 - 310/(-18)?
14
Suppose -4*m + 424 = 4*v, 0 = 2*v - 1 + 3. Calculate the remainder when m is divided by 385/14 + 2/(-4).
26
Suppose -42*j + 228 = -2334. Calculate the remainder when 116 is divided by j.
55
Let t be (-36)/24*(-8)/3. Let q be t/(-18) + (-454)/(-18). Let p = q - 14. Calculate the remainder when 32 is divided by p.
10
Let t be (-6)/(-21) + 38/14. Suppose -t*s - 3*m = -s - 24, 0 = 5*m. Suppose 2*k - 3*k = 3, -4*d + 43 = -5*k. Calculate the remainder when s is divided by d.
5
Let h = 104 - 238. Let g = h + 271. Calculate the remainder when g is divided by 28.
25
Let v = -89 + 101. Suppose 5*p - 10 = -4*h + 15, 0 = 5*p - 2*h - 25. Calculate the remainder when v is divided by p.
2
Let g(b) = b + 25. Let y(k) = -k**2 + 13*k + 9. What is the remainder when g(13) is divided by y(12)?
17
Let d = -829 + 842. Calculate the remainder when 1908 is divided by d.
10
Calculate the remainder when 9/(-15) - (-213)/5 is divided by 9.
6
Suppose -4*c + 1924 = 4*a, a - 611 = 5*c - 160. What is the remainder when a is divided by 166?
144
Let t(a) = -a + 36. Let h be t(-7). What is the remainder when 88 is divided by 1 + h - (3 + -1 + -4)?
42
Let g = -390 + 432. Calculate the remainder when 167 is divided by g.
41
Suppose 28*l - 30*l = -42. What is the remainder when 1362 is divided by l?
18
Let k be 587*-2*4/(-8). Calculate the remainder when (-4)/(-16) - k/(-4) is divided by 37.
36
Suppose 2*s + 38 = -66. Let w = -4 - s. What is the remainder when w is divided by 26?
22
Let i be (-1096)/(-72) + (-4)/18. Suppose -6*m + m - i = 0. Calculate the remainder when (-8 - -3)*m + 2 is divided by 10.
7
Cal